mainder when 6/(-38) - 389664/(-1881) is divided by 145.
62
Let k(r) = 2*r**2 - 4*r - 61. Let f be k(-8). Suppose -5*y + f + 2 = 4*j, -4*y = -4*j + 92. Calculate the remainder when 138 is divided by j.
18
Let g(l) = -11*l**2 + 31 + 5*l**2 + 5*l**2 + 13*l + 2*l**2. What is the remainder when g(-11) is divided by 2?
1
Let f be (-38)/(7 + -6 - 15/5). Let g(h) = -4*h + 173. Calculate the remainder when 382 is divided by g(f).
91
Let u = -1604 + 1634. Suppose 0 = 4*o + 16 - 12. Calculate the remainder when o + (-164)/(-2) - -4 is divided by u.
25
Suppose 86*j + 13*j = 149*j - 7150. Calculate the remainder when 404 is divided by j.
118
Suppose 2*c - 831 = 3*p, p = c - 275 - 138. What is the remainder when c is divided by 149?
110
What is the remainder when -27 - (432/16 - 1131) is divided by 169?
63
Suppose -10*t - 3122 = -6*t - 2*h, 20 = 4*h. Let b = -701 - t. What is the remainder when 383 is divided by b?
75
What is the remainder when ((-29166)/8)/((32/(-80))/(72/135)) is divided by 17?
16
What is the remainder when 1498 is divided by (((-7)/(-28))/(16/(-64)))/(1/(-50))?
48
Suppose -2*q + 179 = 12*q - 311. What is the remainder when 838 is divided by q?
33
Suppose 66 = 2*d - 36. Let k be 6060/40 + (-3)/(-2). Suppose -3*m - 5*i = -k, 2*m - 3*m - 4*i = -d. Calculate the remainder when m is divided by 13.
12
Suppose -9*t = -350 - 64. What is the remainder when 347 is divided by t?
25
Let y(f) = 150*f + 105. What is the remainder when y(5) is divided by 124?
111
What is the remainder when 274 is divided by (82 - 84)/(12/(-1338))?
51
Suppose -2 + 1 = y, -2*i = -3*y + 7. Let s be 1/((30/45)/(44/(-6))). Let j = i - s. Calculate the remainder when 27 is divided by j.
3
Let l(b) = 2*b**2 - 3*b. Suppose 0 = -6*f + 16*f - 20. Suppose -f*h - 4 + 10 = r, -4*h + 4 = -2*r. What is the remainder when l(2) is divided by h?
0
Let i(m) = 2*m**3 + 16*m**2 - 5*m - 119. What is the remainder when i(-7) is divided by (-22)/(-1*2) - 1?
4
Let p = 21987 + -21835. Let u = -6 - -78. Calculate the remainder when p is divided by u.
8
Let k = 1504 + -1383. Calculate the remainder when 356 is divided by k.
114
Suppose 122*o - 29802 - 5822 = 0. Calculate the remainder when o is divided by 54.
22
Suppose 8*v + 46 + 2 = 0. Let n(h) = -h**3 - 5*h**2 - 9*h - 3. Let b be n(v). Let d = b - 52. Calculate the remainder when d is divided by 18.
17
Suppose j = -3*j + 36. What is the remainder when (-1 - 2 - -1) + (-4 - 13) + 252 is divided by j?
8
Suppose 5*n - 4*x = 54, -10*n + 3*x + 13 = -9*n. Suppose -28 = -2*d + 4*g, -n*d + g + 22 = -7*d. Calculate the remainder when 19 is divided by d.
1
Calculate the remainder when (2 + 2 - (2 - -7))*(-1266)/15 is divided by 216.
206
Suppose 4*d - 4 - 4 = 0. Suppose 3*r - 5*u = 5, 6*r - 3*r + d*u = 19. Suppose 7*y - 8*y + r = 0. Calculate the remainder when 8 is divided by y.
3
Let p = 49 + -17. Suppose -p*l = -28*l. Calculate the remainder when -2 + -1 + l + 24/1 is divided by 7.
0
Suppose -2*a = l - 2992, -1003 = -5*a - 983. What is the remainder when l is divided by 744?
8
Let i(f) = 20*f**2 - 459*f + 459. Calculate the remainder when 278 is divided by i(1).
18
Suppose -79*c - 5689 = -v - 80*c, -3*v - 2*c = -17069. What is the remainder when v is divided by 73?
70
Let z = -3816 - -7079. What is the remainder when z is divided by 23?
20
Suppose 134 = 27*m - 82. What is the remainder when 48 is divided by m?
0
Let c = -220 - -262. Suppose 0 = -4*m - a + 37, 5*m + c = -5*a + 77. Let d = 25 - -3. What is the remainder when d is divided by m?
8
Suppose -2*y = -3*k + 4, 9 = -5*k - 4*y + 23. Suppose 4*l + 3*d - 35 - 36 = 0, -2*d - 6 = 0. What is the remainder when 1/(3/462*k) is divided by l?
17
Suppose -105*m = 4*z - 110*m - 1757, 0 = -3*z - m + 1294. Calculate the remainder when z is divided by 25.
8
Let c = -14 + 30. Let g = c - 10. Calculate the remainder when (-5600)/600*24/(-14) is divided by g.
4
Let i(m) = -m**2 + 29*m + 4241. Calculate the remainder when 4656 is divided by i(-52).
16
Suppose -4 = -2*v - 2*s, 3*v + 2*s - 5 - 5 = 0. Suppose 306 = v*q + 102. What is the remainder when 235 is divided by q?
31
Suppose 28*f + 5*o = 29*f - 356, o + 6 = 0. Calculate the remainder when f is divided by 71.
42
Let k = -2059 - -2325. Calculate the remainder when k is divided by 51.
11
What is the remainder when 208 is divided by (-53)/(-212) - (-5)/(40/414)?
0
Let r(x) = x - 6. Let g(q) = 22*q + 73. Let s(t) = -g(t) - 5*r(t). What is the remainder when 126 is divided by s(-4)?
61
Suppose -4*u + 27*u - 437 = 0. What is the remainder when 104 is divided by u?
9
What is the remainder when 20 - 1446*(-117)/26 is divided by 102?
101
Suppose -19*l - 3*l = -528. Suppose 0 = r + 2*k - 20, -6*r - 3*k = -9*r + l. Calculate the remainder when 23 is divided by r.
11
Let d be (-1 - 0) + 10 + -6. Suppose -118 = -4*z - d*f, 7*z + 3*f - 62 = 5*z. Calculate the remainder when 94 is divided by z.
10
Suppose -3*k + 1578 = -2*s + 6*s, -4*s + 1592 = -4*k. Calculate the remainder when s is divided by 128.
12
Let x be (3 + 2)/(6 + -7). Let n be (-2)/x - (-3 + 51/15). Suppose -10*s + 3*s + 560 = n. Calculate the remainder when s is divided by 17.
12
What is the remainder when 82/1107 - 6829/(-27) is divided by 26?
19
Suppose 3*h - 87 = -3*l, 2*l + 45 = -3*h + 108. Calculate the remainder when 8661 is divided by l.
21
Suppose -3642*i = -3628*i - 3528. What is the remainder when 525 is divided by i?
21
Let j = -35 + 43. Let z(v) = 3*v - 12. Let t be z(j). Calculate the remainder when 165 is divided by -12*(-2)/(-2)*(-21)/t.
18
Suppose 105*w - 108*w - 2*h + 213 = 0, 189 = 3*w - 2*h. Calculate the remainder when 130 is divided by w.
63
Suppose -6*j + 8*j - 2058 = 0. Calculate the remainder when j is divided by 52.
41
Suppose -2*i = -3*o + 7*o - 3324, -i - 834 = -o. Let c = 1188 - o. Let p = -198 + c. What is the remainder when p is divided by 23?
20
Suppose 75 = 4*p - p. Suppose -4*x + 2*s + 46 = 0, 12 = 3*x - 5*s - 5. Calculate the remainder when p is divided by x.
11
Suppose 2*y - 53 = 5*n, -n - 2*n = 4*y - 171. What is the remainder when 2105 is divided by y?
38
Let u = 5289 - 5239. Calculate the remainder when 2160 is divided by u.
10
Suppose 5*m - 231 = u - 18, 0 = 2*m + 5*u - 96. What is the remainder when m is divided by 18 + ((-14)/(-4) + -6)*4?
3
Suppose 0*x - 4*x + 28 = 0. What is the remainder when (-414)/(-22) - 44/(-242) is divided by x?
5
What is the remainder when (48/7)/(95/(-280) - (-18)/48) is divided by 3?
0
Let x(g) = -16*g**3 - 2*g**2 + 185*g + 723. Calculate the remainder when x(-4) is divided by 41.
32
Calculate the remainder when -2*(-1)/12 + 19271/42 is divided by 127.
78
Suppose 3*s - 113 = n, 0 = -4*s + s + 5*n + 97. Let w = 615 - 537. Suppose 3*r - 9 = 0, -76*o + 3*r - 163 = -w*o. What is the remainder when o is divided by s?
38
Suppose 0 = -5*g - 2*r + 58, -5*g + 70 = 19*r - 14*r. What is the remainder when 269 is divided by g?
9
Let f(c) = -3*c - 12. Let o be f(4). Let z = o - -149. What is the remainder when z is divided by 21?
20
Suppose 24*k - 8 = 22*k. Let o = -637 - -669. What is the remainder when o is divided by k?
0
Let j(f) = 7*f + 68. Let p be j(-9). Let x(u) = u**2 + 6*u - 5. Calculate the remainder when x(p) is divided by 31.
19
Suppose -12*r + 797 = -1675. Let s = -156 + r. Calculate the remainder when s is divided by 34.
16
Suppose 12*l - 133 - 35 = 0. Suppose l*q = -25 + 67. Calculate the remainder when (-4)/(-5) + (-276)/(-30) is divided by q.
1
Let u(w) = -11*w + 11. Let r be u(1). Suppose r = -l - 4*l + 120. Calculate the remainder when 40 is divided by l.
16
Suppose 2833 = 4312*z - 4185*z - 2247. Let w = 275 - -163. What is the remainder when w is divided by z?
38
Let b be (-98 - -92) + (-18)/(-1). Suppose b*f + 48 = 384. Calculate the remainder when f is divided by 8.
4
Let u be 2/(-24) + 91/84. Calculate the remainder when 40 is divided by (5*4/30)/(u/36).
16
Let y = -51 - -90. Let k be ((37 - 13)/6)/((-4)/(-5)). Suppose 8*v - 5*v + 5*b = 65, -k*v - b = -79. What is the remainder when y is divided by v?
9
Let i(j) = 9*j - 16. Let k be i(4). Suppose 0 = -k*a + 17*a + 225. Calculate the remainder when a is divided by 23.
6
Let p(b) = 2*b**2 - 4*b - 107. Let u be p(10). Let d = u + 6. Calculate the remainder when 171 is divided by 